q - 246 + 82. Suppose 3*m = -y - 8 + 64, 5*m = 4*y + q. Calculate the greatest common divisor of 18 and m.
18
Suppose -2*r + 33 = -135. Let f be (-6)/(-21) + (-246)/(-21). What is the highest common factor of f and r?
12
Let d(v) = v**3 - 7*v**2 - 21*v - 18. Let w be d(10). Calculate the greatest common factor of w and 9.
9
Suppose y - 248 = -4*l - 3*y, 2*y - 322 = -5*l. What is the highest common factor of l and 6?
6
Suppose 18 = -0*b + 3*b + 3*a, -5*b + 22 = -3*a. Calculate the highest common divisor of 30 and b.
5
Suppose 5*l = j - 6 - 0, l + 54 = 5*j. What is the greatest common divisor of 1 and j?
1
Let j be (1 - 2) + 52 + 4. Let l be -2 - -1 - (0 - -1). Let m be (-6)/l*(-33)/(-9). What is the greatest common divisor of m and j?
11
Let q = 39 + -27. Suppose 0*t - 4*t + q = 0. What is the greatest common factor of t and 12?
3
Let s be 30/(-4)*(-12)/27*15. Calculate the highest common factor of s and 100.
50
Suppose 50 = 5*v + 5*x, -v + 20 = 6*x - 3*x. Calculate the greatest common divisor of 15 and v.
5
Let g be (-27)/(-6)*(-4)/(-3). What is the highest common divisor of g and 15?
3
Let c(a) = 2*a + 9. Let t be c(-7). Let d(g) = -6*g - 3. Let q be d(t). What is the greatest common divisor of q and 3?
3
Let s be ((-15)/(-5))/((-3)/4). Let h(i) = 2*i**2 + 6*i + 3. Let a be h(s). What is the highest common factor of 55 and a?
11
Let n = -5 + 7. Suppose -4*a + n*l + 8 = -3*l, -3*l = 4*a - 8. What is the highest common factor of 2 and a?
2
Let m(n) = n**2 + n - 3. Let g be m(-3). Calculate the greatest common divisor of 2 and g.
1
Let g(l) = 23*l**2 - 3 + 4 - 2 + 0*l - 2*l. Let m be g(-1). Calculate the greatest common factor of m and 8.
8
Suppose 0 = -3*g - 5*g + 320. What is the highest common factor of g and 10?
10
Let r be -6*-2*(-26)/(-8). Suppose 8*u = 200 + 8. Calculate the greatest common factor of r and u.
13
Let k(p) = -126*p. Let q be k(-1). Let y = 345 + -327. Calculate the highest common factor of q and y.
18
Let j be ((4 - 2)*1/(-2))/(-1). What is the highest common factor of 5 and j?
1
Let n(c) = 14*c + 6. Let k = 7 + -11. Let z be n(k). Let d = -36 - z. What is the greatest common factor of 126 and d?
14
Suppose -1 + 0 = -u. Let d(x) = x**3 + x**2 - 3*x + 3. Let m = 8 + -6. Let g be d(m). Calculate the highest common factor of u and g.
1
Suppose -7 = 2*w - 1. Let n be ((-3)/(-1))/w + 17. Calculate the highest common divisor of 8 and n.
8
Let t be 396/20 - 2/(-10). What is the greatest common factor of t and 30?
10
Let y(u) = -4*u**3 - u - 1. Let b(h) = 3*h**3 - h**2 + h. Let z(d) = 3*b(d) + 2*y(d). Let o be z(3). Calculate the greatest common divisor of 2 and o.
1
Suppose 4*u = 5*b - 85 + 265, -3*u + 116 = b. Calculate the greatest common factor of u and 4.
4
Let h be (90/(-25))/((-2)/35). What is the greatest common factor of h and 21?
21
Suppose 272 = 2*x - f, -2*x = -0*x - 3*f - 280. Let m = 194 - x. What is the highest common divisor of 20 and m?
20
Let z = -4 - -4. Let b be 1 + 0 + z/7. What is the highest common factor of 4 and b?
1
Suppose -5*k + 115 = 5*m, 2*m = k + 38 + 8. Calculate the greatest common factor of m and 207.
23
Suppose 0 = -11*x + 173 + 47. Let t = -9 + 13. What is the greatest common factor of x and t?
4
Suppose 24 = n - 0*n. Suppose 0 = 4*l - 2*l - n. Suppose y = 3*f - 10 - l, 0 = 5*f - 5*y - 30. What is the highest common factor of f and 2?
2
Let g be (26/3)/(5/(-60)). Let s = -32 - g. What is the greatest common factor of 9 and s?
9
Let i(n) = n**2 + 5*n - 2. Let w be i(-7). Let s = -192 - -300. What is the highest common factor of w and s?
12
Let k be ((-62)/8)/((-1 - 2)/12). What is the highest common divisor of 155 and k?
31
Suppose 3*j = 2*y - 1 + 26, 0 = -2*y + 8. What is the greatest common factor of j and 55?
11
Suppose 0 = -2*a + 30 + 56. Suppose -6*n - 3*k + a = -2*n, 0 = 5*n - k - 30. Calculate the highest common divisor of 35 and n.
7
Suppose -3 + 7 = 2*d. Let n(b) = b**3 + 10*b**2 - b - 4. Let y be n(-10). Let l be (d + 0)*51/y. Calculate the greatest common divisor of l and 17.
17
Suppose -2 + 77 = 5*g. Suppose -2*v = -7 - 3. Let z = v - -1. What is the highest common factor of z and g?
3
Suppose -2*t - 2 = 2. Let b be 15/1 + t/2. Suppose -2*n - 4*l + 86 = 0, 2*l = -0*n + 2*n - 62. What is the greatest common divisor of n and b?
7
Suppose -269 = -14*m + 151. Calculate the highest common factor of m and 150.
30
Suppose -43*l - 264 = -46*l. Suppose -2*q + 33 = q. What is the greatest common factor of q and l?
11
Let w be (20/25)/(3/45). What is the highest common divisor of 48 and w?
12
Let l(h) = 8*h**2 + 4*h + 3. Let v = 4 - 7. Let n be l(v). Let y be -2 + 22/2 - 0. What is the greatest common factor of y and n?
9
Let s = 23 - 6. Let i be (-4 - (-4)/4) + s. What is the highest common factor of 2 and i?
2
Let s be (-8)/(-8)*2/2. Let y(b) = 3*b**2 + 2*b - 1. Let l be y(s). Suppose 28 = -0*z + l*z. Calculate the highest common divisor of 21 and z.
7
Suppose 0*x = -2*x + 320. Let p(i) be the first derivative of 17*i**3/3 - i**2/2 - 3. Let c be p(1). What is the highest common factor of c and x?
16
Let h be (-8 + (-12)/2)/(-1). Let x = 6 - 4. Calculate the greatest common factor of h and x.
2
Let l = 74 - 73. Calculate the greatest common factor of l and 4.
1
Suppose 5*q = 19 + 11. Let k be ((-12)/(-18))/(4/(-6)) + 10. Calculate the greatest common factor of q and k.
3
Suppose -5*h + 6 + 24 = 0. Suppose 0*o - 3*o = -h. Calculate the greatest common factor of 4 and o.
2
Let f(s) = -s**2 + s + 2. Let v be f(-2). Let z = v + 5. Calculate the greatest common divisor of 8 and z.
1
Let f = -26 + 27. Calculate the highest common factor of f and 7.
1
Let o be 46/1*6/(-60)*-5. What is the highest common factor of 23 and o?
23
Let i = 31 - 26. What is the greatest common divisor of 5 and i?
5
Let a(i) = -i**2 - 17*i - 44. Let g be a(-9). What is the greatest common divisor of g and 280?
28
Let d be (-207)/(-6) - 8/(-16). What is the highest common factor of d and 14?
7
Let n = -3 + 6. Suppose d + n = 2*d. Let m(f) = -6*f**3 + f**2 - 1. Let p be m(-1). Calculate the highest common factor of d and p.
3
Let b = 19 + -5. Suppose 4*c + 60 = 4*t, -5*t + 27 + 34 = -4*c. Let h = c - -28. What is the highest common divisor of b and h?
14
Let b(l) = 2*l**2 - l - 3. Let y be b(7). Suppose m + 32 = 5*m. Calculate the greatest common factor of y and m.
8
Let o(g) = 4*g**2 - 8*g + 9. Let q be o(6). Calculate the highest common factor of 42 and q.
21
Let w be (-2)/(-4)*(-19 - -1). Let f be (-318)/w - (-4)/6. Suppose 0 = z + 2, 4*z + 12 = 4*u - 3*u. Calculate the greatest common factor of u and f.
4
Let l be (130/(-15))/(4/(-6)). Calculate the greatest common divisor of 13 and l.
13
Let m = -12 - -20. Let x be 1/((m/(-6))/(-4)). Suppose -48 = -k - x*k. What is the highest common factor of k and 3?
3
Suppose -2*r - 3*h + 4 = -8, 0 = -5*r - 4*h + 44. Let n be 11 - 10 - (-1 - 6). Calculate the highest common divisor of r and n.
4
Suppose 44 + 25 = 3*r. Suppose -r + 401 = 6*z. Calculate the greatest common factor of 21 and z.
21
Let p be (-9)/63 - ((-296)/14)/1. Calculate the highest common divisor of 14 and p.
7
Let c be (-3)/(7 - 4) - -6. Suppose -c*x = n - 120, n - 2*x + 6*x - 123 = 0. Calculate the highest common divisor of 54 and n.
27
Let c be (-306)/30 - 2/(-10). Let f = 15 + c. Suppose -5*o + 163 - 38 = 0. Calculate the highest common factor of f and o.
5
Let k(f) = -f**3 - 15*f**2 - 7*f - 5. Let o be k(-15). Calculate the highest common divisor of o and 20.
20
Suppose b + 12 - 13 = 0. Suppose 3*c = -3*i + 5*i + 32, -4 = 2*c + 5*i. Calculate the greatest common factor of c and b.
1
Let i(a) = a**2 - 6*a - 4. Let r be i(7). Calculate the highest common factor of r and 51.
3
Suppose -18*l = -201 - 159. Calculate the greatest common divisor of l and 16.
4
Let m(v) = -111*v**3 + 3*v**2 - v**2 - v**2. Let g be m(-1). What is the greatest common factor of 14 and g?
14
Let c = -2 + 5. Suppose -3*a - 8 = -7*a. Suppose i + 1 = a. What is the highest common factor of i and c?
1
Let r be 18*((-1)/(-4))/((-8)/(-16)). Calculate the highest common divisor of r and 72.
9
Let z be 2*13 + 0/11. Calculate the highest common factor of 2 and z.
2
Let y = -8 + -13. Let l = 8 + -5. Let u be (l + y)/((-6)/20). Calculate the greatest